{"id":38,"date":"2017-10-26T05:37:51","date_gmt":"2017-10-26T05:37:51","guid":{"rendered":"http:\/\/jazyk.zsvisnove.eu\/?page_id=38"},"modified":"2026-05-13T08:56:24","modified_gmt":"2026-05-13T08:56:24","slug":"others","status":"publish","type":"page","link":"http:\/\/jazyk.zsvisnove.eu\/?page_id=38","title":{"rendered":"OTHERS"},"content":{"rendered":"<h2><strong>U\u017dITE\u010cN\u00c9 ODKAZY:<\/strong><\/h2>\n<\/p>\n\n\n<figure class=\"wp-block-table\"><table class=\"has-fixed-layout\"><tbody><tr><td><a href=\"https:\/\/slovnik.seznam.cz\/\">slovn\u00edk seznam<\/a><\/td><td><a href=\"https:\/\/www.newsinlevels.com\/\">News in levels<\/a><\/td><td><a href=\"https:\/\/listenaminute.com\/\">Listen a minute<\/a><\/td><td><a href=\"https:\/\/www.ego4u.com\/en\/cram-up\/grammar\">Ego4you<\/a><\/td><td><a href=\"https:\/\/www.montsemorales.com\/index.htm#.Y1E7CXaUeUl\">English\/German mix<\/a><\/td><\/tr><tr><td><a href=\"https:\/\/learnenglishkids.britishcouncil.org\/\">Br. council KIDS<\/a><\/td><td><a href=\"https:\/\/learnenglishteens.britishcouncil.org\/\">Br. council TEENS<\/a><\/td><td><a href=\"https:\/\/english-practice.net\/\">English practice<\/a><\/td><td><\/td><td><\/td><\/tr><tr><td><\/td><td><\/td><td><\/td><td><\/td><td><\/td><\/tr><tr><td><\/td><td><\/td><td><\/td><td><\/td><td><\/td><\/tr><tr><td><\/td><td><\/td><td><\/td><td><\/td><td><\/td><\/tr><tr><td><\/td><td><\/td><td><\/td><td><\/td><td><\/td><\/tr><tr><td><\/td><td><\/td><td><\/td><td><\/td><td><\/td><\/tr><tr><td><\/td><td><\/td><td><\/td><td><\/td><td><\/td><\/tr><tr><td><\/td><td><\/td><td><\/td><td><\/td><td><\/td><\/tr><tr><td><a href=\"https:\/\/wordwall.net\/resource\/89549722\">mapa EU<\/a><\/td><td><a href=\"https:\/\/temperament.wladik.net\/\">test temperament<\/a><\/td><td><a href=\"https:\/\/wordwall.net\/play\/111180\/801\/897\" data-type=\"link\" data-id=\"https:\/\/wordwall.net\/play\/111180\/801\/897\">test hospod\u00e1\u0159stv\u00ed <\/a><\/td><td><\/td><td><\/td><\/tr><\/tbody><\/table><\/figure>\n\n\n<\/p>\n\n\n<p><\/p>\n","protected":false},"excerpt":{"rendered":"<p>U\u017dITE\u010cN\u00c9 ODKAZY: slovn\u00edk seznam News in levels Listen a minute Ego4you English\/German mix Br. council KIDS Br. council TEENS English practice mapa EU test temperament test hospod\u00e1\u0159stv\u00ed<\/p>\n","protected":false},"author":1,"featured_media":0,"parent":0,"menu_order":0,"comment_status":"closed","ping_status":"closed","template":"","meta":{"footnotes":""},"class_list":["post-38","page","type-page","status-publish","hentry"],"_links":{"self":[{"href":"http:\/\/jazyk.zsvisnove.eu\/index.php?rest_route=\/wp\/v2\/pages\/38","targetHints":{"allow":["GET"]}}],"collection":[{"href":"http:\/\/jazyk.zsvisnove.eu\/index.php?rest_route=\/wp\/v2\/pages"}],"about":[{"href":"http:\/\/jazyk.zsvisnove.eu\/index.php?rest_route=\/wp\/v2\/types\/page"}],"author":[{"embeddable":true,"href":"http:\/\/jazyk.zsvisnove.eu\/index.php?rest_route=\/wp\/v2\/users\/1"}],"replies":[{"embeddable":true,"href":"http:\/\/jazyk.zsvisnove.eu\/index.php?rest_route=%2Fwp%2Fv2%2Fcomments&post=38"}],"version-history":[{"count":84,"href":"http:\/\/jazyk.zsvisnove.eu\/index.php?rest_route=\/wp\/v2\/pages\/38\/revisions"}],"predecessor-version":[{"id":2306,"href":"http:\/\/jazyk.zsvisnove.eu\/index.php?rest_route=\/wp\/v2\/pages\/38\/revisions\/2306"}],"wp:attachment":[{"href":"http:\/\/jazyk.zsvisnove.eu\/index.php?rest_route=%2Fwp%2Fv2%2Fmedia&parent=38"}],"curies":[{"name":"wp","href":"https:\/\/api.w.org\/{rel}","templated":true}]}}